1 = -3*l - o + 6. Suppose l = 12*y + y - 13. Calculate n(y).
11
Let i(h) be the third derivative of -h**6/30 + h**5/60 - h**4/12 + h**3/6 + 8*h**2. Suppose 1 = 3*u - 2. Calculate i(u).
-4
Let s(b) be the third derivative of 0*b + 2/3*b**3 + 16*b**2 + 1/12*b**4 - 1/60*b**5 + 0. Calculate s(3).
1
Let o(q) = q + 2. Let b(h) = h**3 + 12*h**2 - 5*h + 103. Let c be b(-13). Determine o(c).
1
Suppose -9*p = -5*p - 12. Let m(k) = -2*k**2 - k - k**3 - 1 - 4 + p*k**2 - 6*k**2. Determine m(-5).
0
Let l(x) be the second derivative of -x**6/360 - x**5/60 + x**4/24 + 43*x**3/6 - 31*x. Let i(t) be the second derivative of l(t). What is i(3)?
-14
Let t(w) = 3*w**2 - 10*w + 12. Let v(z) be the third derivative of z**5/60 - z**3/6 + 10*z**2. Let x(b) = -t(b) + 4*v(b). Calculate x(-11).
-5
Let z(c) = c + c**2 - 3 + 2 - c + 7*c + 2. Determine z(-7).
1
Suppose 2*h + 23 = -w, -4*w - 16 - 4 = 0. Let i = 11 + h. Suppose 0 = 4*t - 0*t - 5*x - 21, i = -2*x. Let p(a) = a**3 - 4*a**2 + 2*a - 1. Give p(t).
7
Let g(b) = -2*b + 5. Let u be 259/(-49) + (-4)/(-14). Let f = u + 9. Suppose -c + h = -2 - 0, 3*c - f = 4*h. Determine g(c).
-3
Let d(r) = r**3 - r - 6. Let w(p) = p + 13. Let n be w(-13). Let s be -2 + 2 + (0 - n). Calculate d(s).
-6
Let c(r) be the third derivative of r**6/120 + r**4/24 - 2*r**3 + 3*r**2 + 8. Give c(0).
-12
Let d(o) = -o + 1. Suppose 0 = -p + g - 12, -5*g = 8*p - 6*p + 10. Give d(p).
11
Let o(z) = z**3 - z**2 - 10*z - 6. Let l(i) = i**2 - 3*i - 1. Let a(c) = -2*l(c) + o(c). Give a(4).
-4
Let r(o) = 5*o**2 - 17*o - 4. Let d(x) = 2*x**2 - 8*x - 2. Let s(y) = 9*d(y) - 4*r(y). Let t be 3 - ((-25 - -2) + 1). Let k = t + -27. Give s(k).
-2
Let k(v) be the first derivative of v**4/4 + 8*v**3/3 + 4*v**2 + 2*v - 1. Suppose -2*o + 6*o = 168. Suppose 4*z - o = 10*z. What is k(z)?
-5
Let q(w) = w + 1. Suppose -k + 5*k = 12. Let l(j) = -4*j - 3. Let g(s) = k*q(s) + l(s). What is g(4)?
-4
Let j(g) = -g**2 + 10*g**2 - 2*g**2 + 44 + 3*g - 8*g**2 - 38. Determine j(4).
2
Suppose 4*h - 12 = 3*l, -2*l + 163 - 155 = 0. Let j(i) = 4*i + 6. Determine j(h).
30
Let c(h) = -68 + 5*h - 21*h + h**3 + 17*h + 67. Let y be (-1)/((-3)/(-2))*-3. Suppose 3*n - y = n. Calculate c(n).
1
Let k(l) = -l**3 + 12*l**2 + 2*l - 17. Let t be k(12). Let o(r) = -8*r + t*r + r**2 - 3*r + 4. What is o(4)?
4
Suppose z + 1 = -2*h + 2, 5*h + 11 = 2*z. Let d(q) = -q**2 + 2*q + 3. Let s be d(z). Let l(w) = 491 - 2*w**3 - w**2 + w + w**3 - 496. Calculate l(s).
-5
Let u be 1/2 + (-532)/56. Let j(r) = -3*r - 17. Give j(u).
10
Let y(x) be the first derivative of 2*x**4 - 2*x**3/3 - x**2/2 + 16. Suppose 53*a = 48*a - 5. Determine y(a).
-9
Let r be (-455)/63 - (-4)/18. Let k(l) be the second derivative of l**3/6 + 11*l**2/2 + 6*l. Calculate k(r).
4
Let i(q) = 2*q**3 - 3*q**2. Let g be (4/(-14))/((-16)/(-112)). Let s be 25/10 - g/(-4). Calculate i(s).
4
Let r = 25 - 5. Suppose -3*w - r + 2 = 0. Let c(z) = 45*z**2 + 22*z + 7. Let x(q) = -32*q**2 - 15*q - 5. Let d(b) = -5*c(b) - 7*x(b). What is d(w)?
-6
Let a(w) = w**2 + 12*w - 13. Suppose 4*v + 7 = c, -3*v - 41 = -0*c + 2*c. Calculate a(c).
0
Let x(a) = 6*a**2 + 1. Let d be x(1). Let b(i) = -i**3 + 6*i**2 + 4*i + 12. Determine b(d).
-9
Let q(n) be the third derivative of -n**5/60 - n**4/12 + 2*n**3/3 - 10*n**2 - 5. Give q(-6).
-20
Let s(k) = -k - 2. Suppose a - 5 = -2*x - 0*x, 3*x - 5*a = 27. Let p = 1 + 0. Let z = p - x. Calculate s(z).
1
Let r(s) = s**3 + 7*s**2 + s + 2. Let j(k) = k**3 + 7*k**2 - 30*k - 217. Let b be j(-7). Determine r(b).
-5
Let p(c) = c**3 - 14*c**2 + 25*c - 26. Let y be p(12). Let v(k) = -k**2 - 15*k - 10. Determine v(y).
4
Let a(r) = -r**3 + 8*r**2 + 10*r - 5. Let c be (3/2)/(2/((-48)/(-4))). What is a(c)?
4
Suppose 337*n - 334*n - 3 = 0. Let k(l) = 11*l**3 + 11*l**2 - 11*l + 9. Let y(v) = -6*v**3 - 6*v**2 + 6*v - 5. Let j(b) = 4*k(b) + 7*y(b). Calculate j(n).
3
Let y(z) = -z**2 + 4*z - 6. Let b = -23 - 29. Let r be (-9)/(-2)*b/(-39). Calculate y(r).
-18
Suppose 10 = 2*d, -5*d - 1 = f - 27. Let r be f - (3 - 0 - 0). Let q(m) = -1. Let n(k) = -3*k**2 - 2*k - 5. Let a(x) = n(x) - 6*q(x). What is a(r)?
-7
Suppose 0 = -15*j - 1 + 31. Let g(p) = p**3 - p. Let q(h) = 2*h**3 - 2*h**2 - h + 1. Let v(c) = -3*g(c) + q(c). What is v(j)?
-11
Let h(q) = q**3 + 6*q**2 - q - 7. Let k(x) = x**2 - 3*x - 5. Let u be k(5). Suppose -4*y - 3 = -u*s - 37, 5*s + 27 = -3*y. Determine h(s).
-1
Let z(m) be the second derivative of -m**5/20 - 5*m**4/12 - m**3/2 + 2*m**2 + m - 4. Give z(-4).
0
Let p = 10 - 4. Suppose -7*c + 4 = -p*c. Let m(w) = w**3 - 4*w**2 - w - 4. What is m(c)?
-8
Let h(y) = -2*y - 1. Let u be (-2 - -7) + 7/((-70)/(-40)). Determine h(u).
-19
Let i(v) = -4*v - 9. Let n be 4/6 + (88/(-6))/4. Determine i(n).
3
Let j(s) = -s**3 - 7*s**2 - 5*s + 1. Let o(k) = k**3 + 17*k**2 + 31*k + 9. Suppose 10*g + g = -165. Let r be o(g). Give j(r).
-5
Let d(x) be the third derivative of -x**8/240 - x**7/1260 + x**6/360 - x**5/120 + x**4/6 + 21*x**2. Let c(m) be the second derivative of d(m). What is c(1)?
-29
Let c = -32 + 44. Suppose -2*s - c = -4*s. Let a(l) = l**3 - 5*l**2 - 7*l + 8. Give a(s).
2
Let q(j) = 2*j**2 - 7*j - 1. Let r(o) = -o**2. Let y(a) = q(a) + 3*r(a). Suppose 4*d = -10 - 14. Give y(d).
5
Let k(i) be the second derivative of -i**4/12 - i**3 + 9*i**2/2 - 16*i + 2. Let v(l) = -3*l + 5. Let a be v(4). Determine k(a).
2
Let x(n) = -n + 38 - 13 + 4. Give x(0).
29
Let b(o) = o**2 - 8 - 2*o**2 + 4 - 2 + 7*o. What is b(4)?
6
Suppose 2*p - 32 = -0*p - 2*x, -p = -4*x + 9. Let t be (-9)/3 - (8 - p). Let u(j) = j**3 + j + 3. Calculate u(t).
3
Let u be 1*42 + 3 + -2. Let v = u - 41. Let y(n) = 9*n. What is y(v)?
18
Let v(k) = 16*k**3 - 4*k**2 + 5*k - 4. Let f(u) = -7*u**3 + 2*u**2 - 2*u + 2. Let w(m) = -9*f(m) - 4*v(m). Determine w(-2).
2
Let q(d) be the first derivative of -16 - 1/2*d**2 - 16*d. Give q(0).
-16
Let y(d) = 3*d**2 - 7*d - 13*d - 3*d + 20*d + 3. Calculate y(2).
9
Let v(h) = -h - 6. Suppose 6*n = -2 + 26. Suppose 6*i - 8*i + n = 0. Suppose -3*o - i*f = -o - 6, -4*o - f + 21 = 0. Calculate v(o).
-12
Let k be (-4)/(-6) - (-8)/(-3). Suppose -2*h = 4 - 12. Let s(p) = h*p + 31 - 73 + 20 + 24. Give s(k).
-6
Let i(y) = -y**3 + 8*y**2 - 8*y + 9. Let j be i(7). Let w(r) = -r**3 - 6*r**j + 7 + 2 - r**3 + 3*r**3 - 8*r. Determine w(7).
2
Let l(k) = 3*k - 5 + 1 - 2*k - 8. Let h be l(7). Let d(z) = z**3 + 5*z**2 + 4*z - 2. Give d(h).
-22
Let q(k) = -k**3 - 3*k**2 + 2*k - 3. Suppose -i = -5*i + 3*w, 5*w + 8 = 4*i. What is q(i)?
-9
Suppose h = -4*n - 0 + 10, -12 = -5*n - h. Let u(b) be the third derivative of 0*b + 1/2*b**3 + 1/20*b**5 - 1/8*b**4 + 0 - 9*b**n. Give u(2).
9
Let x(v) = -2*v**2 - 9*v - 7. Let z(l) = l**2 + 4*l + 3. Let u(h) = -2*x(h) - 5*z(h). Let w be 66/4 + (-2)/(-4). Let j = 16 - w. What is u(j)?
0
Let f = 67 - 63. Let l(m) = m**2 - 4*m**3 - 5*m**2 + m + 5*m**3. What is l(f)?
4
Let g(f) = f**3 + f**2 - f + 1. Let d be 14/(-4) + ((-28)/8)/7. Let o be 78/(-52)*3/((-9)/d). Determine g(o).
-1
Suppose -11 = 3*h + 4. Let m = -9 - h. Let n(u) = 7*u + 5*u**2 + 4 - 3*u**2 + u**2 - u**2. Give n(m).
8
Let y(s) be the second derivative of s**4/12 - 2*s**3/3 - 3*s**2/2 + 374*s. Determine y(5).
2
Let m(g) = -9*g + 3. Suppose -159 = 12*j + 429. Let x = j + 52. Determine m(x).
-24
Let f(h) = 3*h + 8 - 17*h + 7*h. Give f(6).
-34
Let q(k) = -2*k**2 + 24*k + 322. Let r be q(-8). Let c(v) = -2*v - 5. Let y(d) = -d - 1. Let w(m) = c(m) - 4*y(m). Give w(r).
3
Let d(g) = 0*g - 89 + 41 + 4*g + 45. Determine d(5).
17
Suppose -4*m = 2*h + 6, -m - 2*h + 1 = -4*h. Let p(j) = 7*j**2 - j - 1. What is p(m)?
7
Let c(m) = 3*m. Suppose 0*l - 13 = -l. Suppose 0 = 2*g - g + 1, 5*o + 2*g = l. Let a be -2 + 1 - o*1. Give c(a).
-12
Let l(a) be the second derivative of -5/12*a**4 - 31*a - 1/2*a**3 + 0 - 1/20*a**5 + a**2. Let y(t) = 3*t**3 + t. Let s be y(-1). Calculate l(s).
-2
Suppose 0 = 4*s - 17 + 5. Suppose 5 - 14 = r - 3*y, s*y = -2*r. Let z(o) = 7*o + 4. Calculate z(r).
-17
Suppose s = 8*s + s. Let l(g) be the second derivative of 1/20*g**5 + s - g**2 + 5/12*g**4 + 1/6*g**3 - g. Calculate l(-4).
10
Let s(b) = 4*b. Suppose 11*m = 6*m - 300. Let r = m + 59. Give s(r).
-4
Let w(c) = 4*c + 2*c - 5*c - 16. Let z be w(17). Let v(s) = -16*s + 14*s + 5*s**2 + 0*s**3 - z - 2*s**3